{"id":91,"date":"2017-11-30T09:40:31","date_gmt":"2017-11-30T09:40:31","guid":{"rendered":"http:\/\/jakunaho.fi\/?page_id=91"},"modified":"2017-12-10T10:28:12","modified_gmt":"2017-12-10T10:28:12","slug":"mina","status":"publish","type":"page","link":"https:\/\/jakunaho.sekuvain.fi\/?page_id=91","title":{"rendered":"MIN\u00c4"},"content":{"rendered":"<p><span style=\"color: #000000;\">Tarja Jakunaho. Viisikymppinen nainen, \u00a0ihminen.<\/span><\/p>\n<p><span style=\"color: #000000;\">Kirjoitan, kuvaan, organisoin, remontoin ja hoidan el\u00e4imi\u00e4.<\/span><\/p>\n<p><span style=\"color: #000000;\">Pohjoisen merenrannan kasvattina olen tottunut naamaan porautuvaan viimaan ja suoriin sanoihin. Et helposti siis minua h\u00e4tk\u00e4yt\u00e4. K\u00e4yt\u00f6stapoja osaan silti odottaa.<\/span><\/p>\n<p><span style=\"color: #000000;\">Ty\u00f6taustani on elokuvamaailmassa. 20 vuotta oikean hetken rakentamiseen t\u00e4ht\u00e4\u00e4v\u00e4\u00e4 ty\u00f6t\u00e4. Organisointia ja ajastamista. Laskemista, lukemista ja leikkimist\u00e4. Leikkaamista ja liimaamista. Palapelin kokoamista. Sanojen saattamista kuviksi.<\/span><\/p>\n<p><span style=\"color: #000000;\">Ja toisinp\u00e4in. Olen kirjoittanut ja ohjannut kuunnelmaa. Rakentanut mielikuvia \u00e4\u00e4nen varaan. Antanut kokijalle vapauden n\u00e4hd\u00e4 p\u00e4\u00e4ns\u00e4 sis\u00e4\u00e4n, muodostaa kuvan itse. \u00c4\u00e4nell\u00e4 kertominen on yksi intohimoistani. Palkittukin on, jotain on siis mennyt oikein. T\u00e4ss\u00e4 jotain internetin maailmasta l\u00f6yt\u00e4m\u00e4\u00e4ni:<\/span><\/p>\n<p><span style=\"color: #000000;\"><a style=\"color: #000000;\" href=\"https:\/\/www.koulutusrahastokoura.fi\/palkinnot\/palkitut\/2006\/\">https:\/\/www.koulutusrahastokoura.fi\/palkinnot\/palkitut\/2006\/<\/a><\/span><\/p>\n<p><span style=\"color: #000000;\"><a style=\"color: #000000;\" href=\"https:\/\/www.hs.fi\/radiotelevisio\/art-2000004433016.html\">https:\/\/www.hs.fi\/radiotelevisio\/art-2000004433016.html<\/a><\/span><\/p>\n<p><span style=\"color: #000000;\">Joitain ohjaamiani kuunnelmia on kuunneltavissa Yle areenassa:<\/span><\/p>\n<p><span style=\"color: #000000;\"><a style=\"color: #000000;\" href=\"https:\/\/areena.yle.fi\/1-1257314\">https:\/\/areena.yle.fi\/1-1257314<\/a><\/span><\/p>\n<p><span style=\"color: #000000;\"><a style=\"color: #000000;\" href=\"https:\/\/areena.yle.fi\/1-4133813\">https:\/\/areena.yle.fi\/1-4133813<\/a><\/span><\/p>\n<p><span style=\"color: #000000;\">Toivon mukaan kuunnelmaty\u00f6 jatkuu pienen tauon j\u00e4lkeen.<\/span><\/p>\n<p><span style=\"color: #000000;\">EL\u00c4IMET SITTEN?<\/span><\/p>\n<p><span style=\"color: #000000;\">T\u00e4n\u00e4\u00e4n 30.11.2017 valmistun uuteen ammattiin. Olen l\u00e4p\u00e4issyt kaksivuotisen maatalouden perustutkinnon ja siell\u00e4 el\u00e4intenhoitajan osaamisalan.\u00a0En el\u00e4int\u00e4 tietenk\u00e4\u00e4n mitenk\u00e4\u00e4n osaa, kuin pintaraapaisun verran, mutta kiehtoo se. Ja kiehtoo se kaikki, mit\u00e4 voin el\u00e4imen hyv\u00e4ksi tehd\u00e4.\u00a0Aiempi kokemukseni el\u00e4imist\u00e4 oli el\u00e4intarhavierailutasoa, mutta el\u00e4imet ovat vet\u00e4neet minua puoleensa. Miksi?<\/span><\/p>\n<p><span style=\"color: #000000;\">El\u00e4in ei pelaa.<\/span><\/p>\n<p><span style=\"color: #000000;\">Teki siis hyv\u00e4\u00e4, tiiviin ihmisyhteis\u00f6iss\u00e4 ty\u00f6skentelyn j\u00e4lkeen, hyp\u00e4t\u00e4 tuntemattomaan. Alueelle, jossa on avattava itsens\u00e4 t\u00e4ysin. Oltava t\u00e4ysin rehellinen, rauhallinen ja vailla taka-ajatuksia. El\u00e4in vaistoaa. Sille eiv\u00e4t esitykset mene l\u00e4pi. Kaksivuotinen retki on ollut kiehtova, ei suomalaisen ammattikoulutuksen tilan ansiosta, vaan el\u00e4inten. Olen ty\u00f6skennellyt opiskellen kotiel\u00e4intilalla, Heinolan Lintutarhassa, lammastilalla ja sirkkafarmilla. Olen vieraillut laitoksissa kera alpakoiden. Olen kasvattanut kotifarmia maltillisesti, mutta tasaiseen tahtiin. Onneksi on rajalliset puitteet.<\/span><\/p>\n<p><span style=\"color: #000000;\">Perusteilla oleva yhdistyksemme, joka vapaaehtoisvoimin auttaa el\u00e4intenhoitotilanteissa, varmistanee mahdollisuuden pysy\u00e4 elukkain l\u00e4hipiiriss\u00e4. Yhdistyksest\u00e4 lis\u00e4\u00e4, kunhan PRH siunaa.<\/span><\/p>\n<p><span style=\"color: #000000;\">Muu el\u00e4m\u00e4nkokemukseni perustuu ik\u00e4\u00e4n ja monenlaiseen p\u00e4tk\u00e4ty\u00f6h\u00f6n siivoamisesta palovartijan teht\u00e4viin.<\/span><\/p>\n<p><span style=\"color: #000000;\">*<\/span><\/p>\n<p><span style=\"color: #000000;\">Minua voi pyyt\u00e4\u00e4 t\u00f6ihin. Teen niit\u00e4 kyll\u00e4 ihan mielell\u00e4ni.<\/span><\/p>\n","protected":false},"excerpt":{"rendered":"<p>Tarja Jakunaho. Viisikymppinen nainen, \u00a0ihminen. Kirjoitan, kuvaan, organisoin, remontoin ja hoidan el\u00e4imi\u00e4. Pohjoisen merenrannan kasvattina olen tottunut naamaan porautuvaan viimaan ja suoriin sanoihin. Et helposti siis minua h\u00e4tk\u00e4yt\u00e4. K\u00e4yt\u00f6stapoja osaan silti odottaa. Ty\u00f6taustani on elokuvamaailmassa. 20 vuotta oikean hetken rakentamiseen t\u00e4ht\u00e4\u00e4v\u00e4\u00e4 ty\u00f6t\u00e4. Organisointia ja ajastamista. &hellip; <a href=\"https:\/\/jakunaho.sekuvain.fi\/?page_id=91\" class=\"more-link\"><span>Continue reading<span class=\"screen-reader-text\">MIN\u00c4<\/span><\/span><\/a><\/p>\n","protected":false},"author":1,"featured_media":0,"parent":0,"menu_order":0,"comment_status":"closed","ping_status":"closed","template":"","meta":[],"_links":{"self":[{"href":"https:\/\/jakunaho.sekuvain.fi\/index.php?rest_route=\/wp\/v2\/pages\/91"}],"collection":[{"href":"https:\/\/jakunaho.sekuvain.fi\/index.php?rest_route=\/wp\/v2\/pages"}],"about":[{"href":"https:\/\/jakunaho.sekuvain.fi\/index.php?rest_route=\/wp\/v2\/types\/page"}],"author":[{"embeddable":true,"href":"https:\/\/jakunaho.sekuvain.fi\/index.php?rest_route=\/wp\/v2\/users\/1"}],"replies":[{"embeddable":true,"href":"https:\/\/jakunaho.sekuvain.fi\/index.php?rest_route=%2Fwp%2Fv2%2Fcomments&post=91"}],"version-history":[{"count":9,"href":"https:\/\/jakunaho.sekuvain.fi\/index.php?rest_route=\/wp\/v2\/pages\/91\/revisions"}],"predecessor-version":[{"id":205,"href":"https:\/\/jakunaho.sekuvain.fi\/index.php?rest_route=\/wp\/v2\/pages\/91\/revisions\/205"}],"wp:attachment":[{"href":"https:\/\/jakunaho.sekuvain.fi\/index.php?rest_route=%2Fwp%2Fv2%2Fmedia&parent=91"}],"curies":[{"name":"wp","href":"https:\/\/api.w.org\/{rel}","templated":true}]}}