{"id":536,"date":"2021-01-31T22:25:11","date_gmt":"2021-01-31T22:25:11","guid":{"rendered":"http:\/\/jakunaho.fi\/?page_id=536"},"modified":"2021-01-31T22:25:11","modified_gmt":"2021-01-31T22:25:11","slug":"pennin-seinat","status":"publish","type":"page","link":"https:\/\/jakunaho.sekuvain.fi\/?page_id=536","title":{"rendered":"PENNIN\u00a0SEIN\u00c4T"},"content":{"rendered":"<p>Vanhan talon kunnostaminen on joillekin vakava paikka. Kaiken pit\u00e4\u00e4 olla juuri eik\u00e4 melkein, niin kuin ennenvanhaan. Olen, tavallaan, samaa mielt\u00e4, mutta minusta tunnelmoida voi my\u00f6s luovasti &#8211; ja ennen kaikkea pienell\u00e4 budjetilla, sill\u00e4 eih\u00e4n voi olla niink\u00e4\u00e4n, ett\u00e4 vain varakkaat saavat vanhaan asettua. Minun mantrani on, ett\u00e4 pit\u00e4\u00e4 kunnioittaa, mielummin paljastaa kuin peitt\u00e4\u00e4 ja tulee k\u00e4ytt\u00e4\u00e4 ymp\u00e4rist\u00f6- ja ihmisyst\u00e4v\u00e4llis\u00e4 materiaaleja. Minun talossani riisutaan esiin alkumateriaaleja, maalataan patinoiden ja kaikki uusi, mik\u00e4 rakennetaan, yritet\u00e4\u00e4n sulauttaa olemassaolevaan. Silti, kaikkea saa tehd\u00e4 oman maun mukaan. Taloni sisustus ja kalustus on varmasti joillekin j\u00e4rkytys, mutta olkaa hyv\u00e4t. On hyv\u00e4 j\u00e4rkytty\u00e4kin v\u00e4lill\u00e4 &#8211; sill\u00e4 silloin voi katsoa ylpeillen ja tyytyv\u00e4isen\u00e4 omaansa. T\u00e4m\u00e4 kaikki on tehty teid\u00e4n tyytyv\u00e4isyytt\u00e4nne silm\u00e4ll\u00e4pit\u00e4en. Minun talossani on syyt\u00e4 olla hauskaa, sill\u00e4 viet\u00e4n paljon aikaa kotona. Samasta syyst\u00e4 t\u00e4\u00e4ll\u00e4 kaiken aikaa tapahtuu jotain.<\/p>\n<p>Yrit\u00e4n nyt siis taas kunnostautua n\u00e4it\u00e4 remonttijorinoitani kirjaamaan. Joten t\u00e4st\u00e4 l\u00e4htee.<\/p>\n<p>Eteinen on ollut viimeinen l\u00e4hes koskematon saareke t\u00e4ll\u00e4, jo seitsem\u00e4n vuotta kest\u00e4neell\u00e4 matkalla, joka t\u00e4nne taloon asettumisesta tammikuussa t\u00e4yteen tuli. Nyt on kukkatapetteja tuijoteltu kukkatapettikovalevy t\u00e4yteen ja oli syyt\u00e4 menn\u00e4 eteisuralla eteenp\u00e4in. Tai taakse, miten sen nyt ottaa. Alas saateltiin ruskea kukkatapetti ja sein\u00e4llinen suikeroista paperitapettia. Yksi nurkka j\u00e4\u00e4 odottamaan s\u00e4hk\u00f6asentajan vierailua, mutta seinist\u00e4 nelj\u00e4s huusi jotain muuta kuin paljastettua hirtt\u00e4. Suikerotapetti on varmasti vanhaa ja kermaisen vihert\u00e4v\u00e4\u00e4 paperisellaista, mutta minulle se huusi jo heiheit\u00e4 ja jotain r\u00e4v\u00e4k\u00e4mp\u00e4\u00e4 peitokseen. Erikoista kyll\u00e4, j\u00e4tin asian hautumaan y\u00f6n yli, enk\u00e4 samalla puuskalla repinyt alas t\u00e4t\u00e4kin sein\u00e4npeitett\u00e4. Ja hyv\u00e4 niin, sill\u00e4 y\u00f6n aikana aivot muhittivat niinkin villin idean, kuin vesiv\u00e4risein\u00e4. Maalailen tauluja ja olen hullaantunut vesiv\u00e4rin mahdollisuuksiin siin\u00e4 hommassa. Laskeskelin, entisen\u00e4 matikkafanina, ett\u00e4 paperitapetti + vesiv\u00e4ri = tai ainakin pit\u00e4isi olla match made in heaven. Sill\u00e4 edullistahan se on kuin fan. Ainakin mit\u00e4 P&amp;R:n paperitapetteihin tulee. Niit\u00e4h\u00e4n sit\u00e4 himoaa, mutta viel\u00e4 ei ole lompakon ny\u00f6rit my\u00f6ntyneet moiseen kokeiluun. Sit\u00e4paitsi, alkaa olla talon jokaisessa huoneessa itse maalattu sein\u00e4\/tapetti. Niin sai eteisen suikero tuta akvarellisiveltimen ja m\u00e4rk\u00e4\u00e4 r\u00e4tti\u00e4. Lopputulos miellytt\u00e4\u00e4 ja n\u00e4in saa sein\u00e4 toistaiseksi jatkoajan vanhoine hyvineen. Sein\u00e4ll\u00e4 on uusi paperitapetti, jolle tuli hintaa luultavasti noin 0,20 \u20ac.<\/p>\n<p>Kas t\u00e4ss\u00e4. Nurkkia ei (tietenk\u00e4\u00e4n) ole viel\u00e4 siistitty. T\u00e4m\u00e4 kuuluu taudinkuvaan. Lis\u00e4\u00e4 seini\u00e4 tulevissa postauksissa.<\/p>\n<p><img data-attachment-id=\"540\" data-permalink=\"https:\/\/jakunaho.sekuvain.fi\/?attachment_id=540\" data-orig-file=\"https:\/\/i0.wp.com\/jakunaho.sekuvain.fi\/wp-content\/uploads\/2021\/01\/AF6B10A9-ECD1-437B-8E5F-17CBE6EEA9D0.jpg?fit=1440%2C1440&amp;ssl=1\" data-orig-size=\"1440,1440\" data-comments-opened=\"1\" data-image-meta=\"{&quot;aperture&quot;:&quot;0&quot;,&quot;credit&quot;:&quot;&quot;,&quot;camera&quot;:&quot;&quot;,&quot;caption&quot;:&quot;&quot;,&quot;created_timestamp&quot;:&quot;0&quot;,&quot;copyright&quot;:&quot;&quot;,&quot;focal_length&quot;:&quot;0&quot;,&quot;iso&quot;:&quot;0&quot;,&quot;shutter_speed&quot;:&quot;0&quot;,&quot;title&quot;:&quot;&quot;,&quot;orientation&quot;:&quot;1&quot;}\" data-image-title=\"AF6B10A9-ECD1-437B-8E5F-17CBE6EEA9D0\" data-image-description=\"\" data-medium-file=\"https:\/\/i0.wp.com\/jakunaho.sekuvain.fi\/wp-content\/uploads\/2021\/01\/AF6B10A9-ECD1-437B-8E5F-17CBE6EEA9D0.jpg?fit=300%2C300&amp;ssl=1\" data-large-file=\"https:\/\/i0.wp.com\/jakunaho.sekuvain.fi\/wp-content\/uploads\/2021\/01\/AF6B10A9-ECD1-437B-8E5F-17CBE6EEA9D0.jpg?fit=756%2C756&amp;ssl=1\" decoding=\"async\" loading=\"lazy\" class=\"alignleft wp-image-540 size-large\" src=\"https:\/\/i0.wp.com\/jakunaho.fi\/wp-content\/uploads\/2021\/01\/AF6B10A9-ECD1-437B-8E5F-17CBE6EEA9D0-1024x1024.jpg?resize=756%2C756\" alt=\"\" width=\"756\" height=\"756\" srcset=\"https:\/\/i0.wp.com\/jakunaho.sekuvain.fi\/wp-content\/uploads\/2021\/01\/AF6B10A9-ECD1-437B-8E5F-17CBE6EEA9D0.jpg?resize=1024%2C1024&amp;ssl=1 1024w, https:\/\/i0.wp.com\/jakunaho.sekuvain.fi\/wp-content\/uploads\/2021\/01\/AF6B10A9-ECD1-437B-8E5F-17CBE6EEA9D0.jpg?resize=150%2C150&amp;ssl=1 150w, https:\/\/i0.wp.com\/jakunaho.sekuvain.fi\/wp-content\/uploads\/2021\/01\/AF6B10A9-ECD1-437B-8E5F-17CBE6EEA9D0.jpg?resize=300%2C300&amp;ssl=1 300w, https:\/\/i0.wp.com\/jakunaho.sekuvain.fi\/wp-content\/uploads\/2021\/01\/AF6B10A9-ECD1-437B-8E5F-17CBE6EEA9D0.jpg?resize=768%2C768&amp;ssl=1 768w, https:\/\/i0.wp.com\/jakunaho.sekuvain.fi\/wp-content\/uploads\/2021\/01\/AF6B10A9-ECD1-437B-8E5F-17CBE6EEA9D0.jpg?resize=533%2C533&amp;ssl=1 533w, https:\/\/i0.wp.com\/jakunaho.sekuvain.fi\/wp-content\/uploads\/2021\/01\/AF6B10A9-ECD1-437B-8E5F-17CBE6EEA9D0.jpg?resize=640%2C640&amp;ssl=1 640w, https:\/\/i0.wp.com\/jakunaho.sekuvain.fi\/wp-content\/uploads\/2021\/01\/AF6B10A9-ECD1-437B-8E5F-17CBE6EEA9D0.jpg?resize=864%2C864&amp;ssl=1 864w, https:\/\/i0.wp.com\/jakunaho.sekuvain.fi\/wp-content\/uploads\/2021\/01\/AF6B10A9-ECD1-437B-8E5F-17CBE6EEA9D0.jpg?resize=50%2C50&amp;ssl=1 50w, https:\/\/i0.wp.com\/jakunaho.sekuvain.fi\/wp-content\/uploads\/2021\/01\/AF6B10A9-ECD1-437B-8E5F-17CBE6EEA9D0.jpg?w=1440&amp;ssl=1 1440w\" sizes=\"(max-width: 756px) 100vw, 756px\" data-recalc-dims=\"1\" \/><img data-attachment-id=\"538\" data-permalink=\"https:\/\/jakunaho.sekuvain.fi\/?attachment_id=538\" data-orig-file=\"https:\/\/i1.wp.com\/jakunaho.sekuvain.fi\/wp-content\/uploads\/2021\/01\/9D486C12-9FF9-4049-AB99-44E65ADEBA25.jpg?fit=1440%2C1440&amp;ssl=1\" data-orig-size=\"1440,1440\" data-comments-opened=\"1\" data-image-meta=\"{&quot;aperture&quot;:&quot;0&quot;,&quot;credit&quot;:&quot;&quot;,&quot;camera&quot;:&quot;&quot;,&quot;caption&quot;:&quot;&quot;,&quot;created_timestamp&quot;:&quot;0&quot;,&quot;copyright&quot;:&quot;&quot;,&quot;focal_length&quot;:&quot;0&quot;,&quot;iso&quot;:&quot;0&quot;,&quot;shutter_speed&quot;:&quot;0&quot;,&quot;title&quot;:&quot;&quot;,&quot;orientation&quot;:&quot;1&quot;}\" data-image-title=\"9D486C12-9FF9-4049-AB99-44E65ADEBA25\" data-image-description=\"\" data-medium-file=\"https:\/\/i1.wp.com\/jakunaho.sekuvain.fi\/wp-content\/uploads\/2021\/01\/9D486C12-9FF9-4049-AB99-44E65ADEBA25.jpg?fit=300%2C300&amp;ssl=1\" data-large-file=\"https:\/\/i1.wp.com\/jakunaho.sekuvain.fi\/wp-content\/uploads\/2021\/01\/9D486C12-9FF9-4049-AB99-44E65ADEBA25.jpg?fit=756%2C756&amp;ssl=1\" decoding=\"async\" loading=\"lazy\" class=\"alignleft wp-image-538 size-large\" src=\"https:\/\/i1.wp.com\/jakunaho.fi\/wp-content\/uploads\/2021\/01\/9D486C12-9FF9-4049-AB99-44E65ADEBA25-1024x1024.jpg?resize=756%2C756\" alt=\"\" width=\"756\" height=\"756\" srcset=\"https:\/\/i1.wp.com\/jakunaho.sekuvain.fi\/wp-content\/uploads\/2021\/01\/9D486C12-9FF9-4049-AB99-44E65ADEBA25.jpg?resize=1024%2C1024&amp;ssl=1 1024w, https:\/\/i1.wp.com\/jakunaho.sekuvain.fi\/wp-content\/uploads\/2021\/01\/9D486C12-9FF9-4049-AB99-44E65ADEBA25.jpg?resize=150%2C150&amp;ssl=1 150w, https:\/\/i1.wp.com\/jakunaho.sekuvain.fi\/wp-content\/uploads\/2021\/01\/9D486C12-9FF9-4049-AB99-44E65ADEBA25.jpg?resize=300%2C300&amp;ssl=1 300w, https:\/\/i1.wp.com\/jakunaho.sekuvain.fi\/wp-content\/uploads\/2021\/01\/9D486C12-9FF9-4049-AB99-44E65ADEBA25.jpg?resize=768%2C768&amp;ssl=1 768w, https:\/\/i1.wp.com\/jakunaho.sekuvain.fi\/wp-content\/uploads\/2021\/01\/9D486C12-9FF9-4049-AB99-44E65ADEBA25.jpg?resize=533%2C533&amp;ssl=1 533w, https:\/\/i1.wp.com\/jakunaho.sekuvain.fi\/wp-content\/uploads\/2021\/01\/9D486C12-9FF9-4049-AB99-44E65ADEBA25.jpg?resize=640%2C640&amp;ssl=1 640w, https:\/\/i1.wp.com\/jakunaho.sekuvain.fi\/wp-content\/uploads\/2021\/01\/9D486C12-9FF9-4049-AB99-44E65ADEBA25.jpg?resize=864%2C864&amp;ssl=1 864w, https:\/\/i1.wp.com\/jakunaho.sekuvain.fi\/wp-content\/uploads\/2021\/01\/9D486C12-9FF9-4049-AB99-44E65ADEBA25.jpg?resize=50%2C50&amp;ssl=1 50w, https:\/\/i1.wp.com\/jakunaho.sekuvain.fi\/wp-content\/uploads\/2021\/01\/9D486C12-9FF9-4049-AB99-44E65ADEBA25.jpg?w=1440&amp;ssl=1 1440w\" sizes=\"(max-width: 756px) 100vw, 756px\" data-recalc-dims=\"1\" \/><img data-attachment-id=\"537\" data-permalink=\"https:\/\/jakunaho.sekuvain.fi\/?attachment_id=537\" data-orig-file=\"https:\/\/i0.wp.com\/jakunaho.sekuvain.fi\/wp-content\/uploads\/2021\/01\/1AF5E8E6-10BD-46BF-A457-DA0369D9A330.jpg?fit=1440%2C1440&amp;ssl=1\" data-orig-size=\"1440,1440\" data-comments-opened=\"1\" data-image-meta=\"{&quot;aperture&quot;:&quot;0&quot;,&quot;credit&quot;:&quot;&quot;,&quot;camera&quot;:&quot;&quot;,&quot;caption&quot;:&quot;&quot;,&quot;created_timestamp&quot;:&quot;0&quot;,&quot;copyright&quot;:&quot;&quot;,&quot;focal_length&quot;:&quot;0&quot;,&quot;iso&quot;:&quot;0&quot;,&quot;shutter_speed&quot;:&quot;0&quot;,&quot;title&quot;:&quot;&quot;,&quot;orientation&quot;:&quot;1&quot;}\" data-image-title=\"1AF5E8E6-10BD-46BF-A457-DA0369D9A330\" data-image-description=\"\" data-medium-file=\"https:\/\/i0.wp.com\/jakunaho.sekuvain.fi\/wp-content\/uploads\/2021\/01\/1AF5E8E6-10BD-46BF-A457-DA0369D9A330.jpg?fit=300%2C300&amp;ssl=1\" data-large-file=\"https:\/\/i0.wp.com\/jakunaho.sekuvain.fi\/wp-content\/uploads\/2021\/01\/1AF5E8E6-10BD-46BF-A457-DA0369D9A330.jpg?fit=756%2C756&amp;ssl=1\" decoding=\"async\" loading=\"lazy\" class=\"alignnone wp-image-537 size-large\" src=\"https:\/\/i1.wp.com\/jakunaho.fi\/wp-content\/uploads\/2021\/01\/1AF5E8E6-10BD-46BF-A457-DA0369D9A330-1024x1024.jpg?resize=756%2C756\" alt=\"\" width=\"756\" height=\"756\" srcset=\"https:\/\/i0.wp.com\/jakunaho.sekuvain.fi\/wp-content\/uploads\/2021\/01\/1AF5E8E6-10BD-46BF-A457-DA0369D9A330.jpg?resize=1024%2C1024&amp;ssl=1 1024w, https:\/\/i0.wp.com\/jakunaho.sekuvain.fi\/wp-content\/uploads\/2021\/01\/1AF5E8E6-10BD-46BF-A457-DA0369D9A330.jpg?resize=150%2C150&amp;ssl=1 150w, https:\/\/i0.wp.com\/jakunaho.sekuvain.fi\/wp-content\/uploads\/2021\/01\/1AF5E8E6-10BD-46BF-A457-DA0369D9A330.jpg?resize=300%2C300&amp;ssl=1 300w, https:\/\/i0.wp.com\/jakunaho.sekuvain.fi\/wp-content\/uploads\/2021\/01\/1AF5E8E6-10BD-46BF-A457-DA0369D9A330.jpg?resize=768%2C768&amp;ssl=1 768w, https:\/\/i0.wp.com\/jakunaho.sekuvain.fi\/wp-content\/uploads\/2021\/01\/1AF5E8E6-10BD-46BF-A457-DA0369D9A330.jpg?resize=533%2C533&amp;ssl=1 533w, https:\/\/i0.wp.com\/jakunaho.sekuvain.fi\/wp-content\/uploads\/2021\/01\/1AF5E8E6-10BD-46BF-A457-DA0369D9A330.jpg?resize=640%2C640&amp;ssl=1 640w, https:\/\/i0.wp.com\/jakunaho.sekuvain.fi\/wp-content\/uploads\/2021\/01\/1AF5E8E6-10BD-46BF-A457-DA0369D9A330.jpg?resize=864%2C864&amp;ssl=1 864w, https:\/\/i0.wp.com\/jakunaho.sekuvain.fi\/wp-content\/uploads\/2021\/01\/1AF5E8E6-10BD-46BF-A457-DA0369D9A330.jpg?resize=50%2C50&amp;ssl=1 50w, https:\/\/i0.wp.com\/jakunaho.sekuvain.fi\/wp-content\/uploads\/2021\/01\/1AF5E8E6-10BD-46BF-A457-DA0369D9A330.jpg?w=1440&amp;ssl=1 1440w\" sizes=\"(max-width: 756px) 100vw, 756px\" data-recalc-dims=\"1\" \/>\u00a0 <img data-attachment-id=\"539\" data-permalink=\"https:\/\/jakunaho.sekuvain.fi\/?attachment_id=539\" data-orig-file=\"https:\/\/i0.wp.com\/jakunaho.sekuvain.fi\/wp-content\/uploads\/2021\/01\/1875AB3E-5B63-498C-9B97-28660E1278B8.jpg?fit=1440%2C1440&amp;ssl=1\" data-orig-size=\"1440,1440\" data-comments-opened=\"1\" data-image-meta=\"{&quot;aperture&quot;:&quot;0&quot;,&quot;credit&quot;:&quot;&quot;,&quot;camera&quot;:&quot;&quot;,&quot;caption&quot;:&quot;&quot;,&quot;created_timestamp&quot;:&quot;0&quot;,&quot;copyright&quot;:&quot;&quot;,&quot;focal_length&quot;:&quot;0&quot;,&quot;iso&quot;:&quot;0&quot;,&quot;shutter_speed&quot;:&quot;0&quot;,&quot;title&quot;:&quot;&quot;,&quot;orientation&quot;:&quot;1&quot;}\" data-image-title=\"1875AB3E-5B63-498C-9B97-28660E1278B8\" data-image-description=\"\" data-medium-file=\"https:\/\/i0.wp.com\/jakunaho.sekuvain.fi\/wp-content\/uploads\/2021\/01\/1875AB3E-5B63-498C-9B97-28660E1278B8.jpg?fit=300%2C300&amp;ssl=1\" data-large-file=\"https:\/\/i0.wp.com\/jakunaho.sekuvain.fi\/wp-content\/uploads\/2021\/01\/1875AB3E-5B63-498C-9B97-28660E1278B8.jpg?fit=756%2C756&amp;ssl=1\" decoding=\"async\" loading=\"lazy\" class=\"alignnone wp-image-539 size-large\" src=\"https:\/\/i0.wp.com\/jakunaho.fi\/wp-content\/uploads\/2021\/01\/1875AB3E-5B63-498C-9B97-28660E1278B8-1024x1024.jpg?resize=756%2C756\" alt=\"\" width=\"756\" height=\"756\" srcset=\"https:\/\/i0.wp.com\/jakunaho.sekuvain.fi\/wp-content\/uploads\/2021\/01\/1875AB3E-5B63-498C-9B97-28660E1278B8.jpg?resize=1024%2C1024&amp;ssl=1 1024w, https:\/\/i0.wp.com\/jakunaho.sekuvain.fi\/wp-content\/uploads\/2021\/01\/1875AB3E-5B63-498C-9B97-28660E1278B8.jpg?resize=150%2C150&amp;ssl=1 150w, https:\/\/i0.wp.com\/jakunaho.sekuvain.fi\/wp-content\/uploads\/2021\/01\/1875AB3E-5B63-498C-9B97-28660E1278B8.jpg?resize=300%2C300&amp;ssl=1 300w, https:\/\/i0.wp.com\/jakunaho.sekuvain.fi\/wp-content\/uploads\/2021\/01\/1875AB3E-5B63-498C-9B97-28660E1278B8.jpg?resize=768%2C768&amp;ssl=1 768w, https:\/\/i0.wp.com\/jakunaho.sekuvain.fi\/wp-content\/uploads\/2021\/01\/1875AB3E-5B63-498C-9B97-28660E1278B8.jpg?resize=533%2C533&amp;ssl=1 533w, https:\/\/i0.wp.com\/jakunaho.sekuvain.fi\/wp-content\/uploads\/2021\/01\/1875AB3E-5B63-498C-9B97-28660E1278B8.jpg?resize=640%2C640&amp;ssl=1 640w, https:\/\/i0.wp.com\/jakunaho.sekuvain.fi\/wp-content\/uploads\/2021\/01\/1875AB3E-5B63-498C-9B97-28660E1278B8.jpg?resize=864%2C864&amp;ssl=1 864w, https:\/\/i0.wp.com\/jakunaho.sekuvain.fi\/wp-content\/uploads\/2021\/01\/1875AB3E-5B63-498C-9B97-28660E1278B8.jpg?resize=50%2C50&amp;ssl=1 50w, https:\/\/i0.wp.com\/jakunaho.sekuvain.fi\/wp-content\/uploads\/2021\/01\/1875AB3E-5B63-498C-9B97-28660E1278B8.jpg?w=1440&amp;ssl=1 1440w\" sizes=\"(max-width: 756px) 100vw, 756px\" data-recalc-dims=\"1\" \/><\/p>\n","protected":false},"excerpt":{"rendered":"<p>Vanhan talon kunnostaminen on joillekin vakava paikka. Kaiken pit\u00e4\u00e4 olla juuri eik\u00e4 melkein, niin kuin ennenvanhaan. Olen, tavallaan, samaa mielt\u00e4, mutta minusta tunnelmoida voi my\u00f6s luovasti &#8211; ja ennen kaikkea pienell\u00e4 budjetilla, sill\u00e4 eih\u00e4n voi olla niink\u00e4\u00e4n, ett\u00e4 vain varakkaat saavat vanhaan asettua. Minun mantrani &hellip; <a href=\"https:\/\/jakunaho.sekuvain.fi\/?page_id=536\" class=\"more-link\"><span>Continue reading<span class=\"screen-reader-text\">PENNIN\u00a0SEIN\u00c4T<\/span><\/span><\/a><\/p>\n","protected":false},"author":1,"featured_media":539,"parent":154,"menu_order":0,"comment_status":"closed","ping_status":"closed","template":"","meta":[],"_links":{"self":[{"href":"https:\/\/jakunaho.sekuvain.fi\/index.php?rest_route=\/wp\/v2\/pages\/536"}],"collection":[{"href":"https:\/\/jakunaho.sekuvain.fi\/index.php?rest_route=\/wp\/v2\/pages"}],"about":[{"href":"https:\/\/jakunaho.sekuvain.fi\/index.php?rest_route=\/wp\/v2\/types\/page"}],"author":[{"embeddable":true,"href":"https:\/\/jakunaho.sekuvain.fi\/index.php?rest_route=\/wp\/v2\/users\/1"}],"replies":[{"embeddable":true,"href":"https:\/\/jakunaho.sekuvain.fi\/index.php?rest_route=%2Fwp%2Fv2%2Fcomments&post=536"}],"version-history":[{"count":2,"href":"https:\/\/jakunaho.sekuvain.fi\/index.php?rest_route=\/wp\/v2\/pages\/536\/revisions"}],"predecessor-version":[{"id":542,"href":"https:\/\/jakunaho.sekuvain.fi\/index.php?rest_route=\/wp\/v2\/pages\/536\/revisions\/542"}],"up":[{"embeddable":true,"href":"https:\/\/jakunaho.sekuvain.fi\/index.php?rest_route=\/wp\/v2\/pages\/154"}],"wp:featuredmedia":[{"embeddable":true,"href":"https:\/\/jakunaho.sekuvain.fi\/index.php?rest_route=\/wp\/v2\/media\/539"}],"wp:attachment":[{"href":"https:\/\/jakunaho.sekuvain.fi\/index.php?rest_route=%2Fwp%2Fv2%2Fmedia&parent=536"}],"curies":[{"name":"wp","href":"https:\/\/api.w.org\/{rel}","templated":true}]}}