{"id":411,"date":"2019-03-29T18:27:13","date_gmt":"2019-03-29T18:27:13","guid":{"rendered":"http:\/\/jakunaho.fi\/?page_id=411"},"modified":"2019-03-29T18:28:18","modified_gmt":"2019-03-29T18:28:18","slug":"apua","status":"publish","type":"page","link":"https:\/\/jakunaho.sekuvain.fi\/?page_id=411","title":{"rendered":"APUA"},"content":{"rendered":"<p>Kauhea hinku olis auttaa, kun vaan joku tarvis.<\/p>\n<p>Harhaisesti sit\u00e4 voisi luulla, ett\u00e4 kaikilla on kaikki hyvin, kun ei ilmaisapua tarvita. Liek\u00f6 n\u00e4in asiain laita. Suottapa t\u00e4ss\u00e4 yhdistyssanomiani toistan, niist\u00e4 voi lukea yhdistyksen omalta sivulta, osoitteesta\u00a0<span style=\"text-decoration: underline;\"><strong><a href=\"http:\/\/www.rinkiry.fi\">rinkiry.fi <\/a><\/strong><\/span><\/p>\n","protected":false},"excerpt":{"rendered":"<p>Kauhea hinku olis auttaa, kun vaan joku tarvis. Harhaisesti sit\u00e4 voisi luulla, ett\u00e4 kaikilla on kaikki hyvin, kun ei ilmaisapua tarvita. Liek\u00f6 n\u00e4in asiain laita. Suottapa t\u00e4ss\u00e4 yhdistyssanomiani toistan, niist\u00e4 voi lukea yhdistyksen omalta sivulta, osoitteesta\u00a0rinkiry.fi<\/p>\n","protected":false},"author":1,"featured_media":0,"parent":269,"menu_order":0,"comment_status":"closed","ping_status":"closed","template":"","meta":[],"_links":{"self":[{"href":"https:\/\/jakunaho.sekuvain.fi\/index.php?rest_route=\/wp\/v2\/pages\/411"}],"collection":[{"href":"https:\/\/jakunaho.sekuvain.fi\/index.php?rest_route=\/wp\/v2\/pages"}],"about":[{"href":"https:\/\/jakunaho.sekuvain.fi\/index.php?rest_route=\/wp\/v2\/types\/page"}],"author":[{"embeddable":true,"href":"https:\/\/jakunaho.sekuvain.fi\/index.php?rest_route=\/wp\/v2\/users\/1"}],"replies":[{"embeddable":true,"href":"https:\/\/jakunaho.sekuvain.fi\/index.php?rest_route=%2Fwp%2Fv2%2Fcomments&post=411"}],"version-history":[{"count":2,"href":"https:\/\/jakunaho.sekuvain.fi\/index.php?rest_route=\/wp\/v2\/pages\/411\/revisions"}],"predecessor-version":[{"id":415,"href":"https:\/\/jakunaho.sekuvain.fi\/index.php?rest_route=\/wp\/v2\/pages\/411\/revisions\/415"}],"up":[{"embeddable":true,"href":"https:\/\/jakunaho.sekuvain.fi\/index.php?rest_route=\/wp\/v2\/pages\/269"}],"wp:attachment":[{"href":"https:\/\/jakunaho.sekuvain.fi\/index.php?rest_route=%2Fwp%2Fv2%2Fmedia&parent=411"}],"curies":[{"name":"wp","href":"https:\/\/api.w.org\/{rel}","templated":true}]}}