{"id":211,"date":"2017-12-10T11:10:10","date_gmt":"2017-12-10T11:10:10","guid":{"rendered":"http:\/\/jakunaho.fi\/?page_id=211"},"modified":"2017-12-10T13:12:16","modified_gmt":"2017-12-10T13:12:16","slug":"kersti-ja-hilda","status":"publish","type":"page","link":"https:\/\/jakunaho.sekuvain.fi\/?page_id=211","title":{"rendered":"KERSTI\u00a0JA\u00a0HILDA"},"content":{"rendered":"<p><img data-attachment-id=\"215\" data-permalink=\"https:\/\/jakunaho.sekuvain.fi\/?attachment_id=215\" data-orig-file=\"https:\/\/i1.wp.com\/jakunaho.sekuvain.fi\/wp-content\/uploads\/2017\/12\/IMG_6823.jpg?fit=1280%2C960&amp;ssl=1\" data-orig-size=\"1280,960\" data-comments-opened=\"1\" data-image-meta=\"{&quot;aperture&quot;:&quot;2.4&quot;,&quot;credit&quot;:&quot;&quot;,&quot;camera&quot;:&quot;iPhone SE&quot;,&quot;caption&quot;:&quot;&quot;,&quot;created_timestamp&quot;:&quot;1502912726&quot;,&quot;copyright&quot;:&quot;&quot;,&quot;focal_length&quot;:&quot;2.15&quot;,&quot;iso&quot;:&quot;400&quot;,&quot;shutter_speed&quot;:&quot;0.03030303030303&quot;,&quot;title&quot;:&quot;&quot;,&quot;orientation&quot;:&quot;1&quot;}\" data-image-title=\"IMG_6823\" data-image-description=\"\" data-medium-file=\"https:\/\/i1.wp.com\/jakunaho.sekuvain.fi\/wp-content\/uploads\/2017\/12\/IMG_6823.jpg?fit=300%2C225&amp;ssl=1\" data-large-file=\"https:\/\/i1.wp.com\/jakunaho.sekuvain.fi\/wp-content\/uploads\/2017\/12\/IMG_6823.jpg?fit=756%2C567&amp;ssl=1\" decoding=\"async\" loading=\"lazy\" class=\"size-medium wp-image-215\" src=\"https:\/\/i1.wp.com\/jakunaho.fi\/wp-content\/uploads\/2017\/12\/IMG_6823-300x225.jpg?resize=300%2C225\" alt=\"\" width=\"300\" height=\"225\" srcset=\"https:\/\/i1.wp.com\/jakunaho.sekuvain.fi\/wp-content\/uploads\/2017\/12\/IMG_6823.jpg?resize=300%2C225&amp;ssl=1 300w, https:\/\/i1.wp.com\/jakunaho.sekuvain.fi\/wp-content\/uploads\/2017\/12\/IMG_6823.jpg?resize=768%2C576&amp;ssl=1 768w, https:\/\/i1.wp.com\/jakunaho.sekuvain.fi\/wp-content\/uploads\/2017\/12\/IMG_6823.jpg?resize=1024%2C768&amp;ssl=1 1024w, https:\/\/i1.wp.com\/jakunaho.sekuvain.fi\/wp-content\/uploads\/2017\/12\/IMG_6823.jpg?w=1280&amp;ssl=1 1280w\" sizes=\"(max-width: 300px) 100vw, 300px\" data-recalc-dims=\"1\" \/><\/p>\n<p><span style=\"color: #000000;\">Presidentilliset uuhikaritsamme, Kersti ja Hilda, ovat niinik\u00e4\u00e4n &#8221;pelastetut&#8221;. Eih\u00e4n uuhikaritsoiden el\u00e4m\u00e4 yleens\u00e4ottaen nuorena lopu, mutta jos j\u00e4\u00e4 jatkuvasti joukon h\u00e4nnille, ei varmasti ole perillisten tuottajanakaan ihan ykk\u00f6ssijalla. Olin jo p\u00e4\u00e4tt\u00e4nyt kaksi m\u00e4\u00e4kij\u00e4\u00e4 taloon tuoda, koska, no, maalaistalo &#8211; ja t\u00e4ytyyh\u00e4n nyt maalaistalossa m\u00e4rehtij\u00e4 olla. Ja koska m\u00e4rehtij\u00e4 ei voi yksin olla, niin t\u00e4ytyy sille kaveri ottaa. Ihan oikeasti pit\u00e4isi olla viisi, koska vasta se on oikea lauma, mutta yrit\u00e4n valkeassa p\u00f6rr\u00f6hupparissani imitoida kolmea karitsaa ja hyvin t\u00e4ll\u00e4 n\u00e4yt\u00e4\u00e4n, ainakin viel\u00e4, p\u00e4rj\u00e4\u00e4v\u00e4n. Ja, tuumin, parempi n\u00e4m\u00e4 kaksi nyt t\u00e4\u00e4ll\u00e4 lellitt\u00e4v\u00e4n\u00e4, kuin jonkun p\u00e4\u00e4si\u00e4isp\u00f6yd\u00e4ss\u00e4.\u00a0<\/span><\/p>\n<p><span style=\"color: #000000;\">Kerstist\u00e4 ja Hildasta on tulossa laitosvierailijoita. Rapsutuksia rakastavat otukset l\u00e4htev\u00e4t ilahduttamaan niit\u00e4, jotka eiv\u00e4t itse en\u00e4\u00e4 juuri liikkeelle p\u00e4\u00e4se. Kerstin ja Hildan villasta valmistetaan vanhuksille muistoja. Lampaalle tuoksuvia ja kuivia k\u00e4si\u00e4 hoitavia.<\/span><\/p>\n<p><span style=\"color: #000000;\">Kersti on saanut nimens\u00e4 Viron presidentin, <span style=\"color: #808000;\"><a style=\"color: #808000;\" href=\"https:\/\/fi.wikipedia.org\/wiki\/Kersti_Kaljulaid\">Kersti Kaljulaidin<\/a>,<\/span> mukaan. Kaljulaid on Viron ensimm\u00e4inen naispresidentti ja me\u00e4nkielt\u00e4 tunteva! T\u00e4m\u00e4 on merkitt\u00e4v\u00e4 yksityiskohta me\u00e4nkielisten sukuun syntyneelle. Hilda taas sai nimens\u00e4 Marshallin saarten presidentin, <a style=\"color: #000000;\" href=\"https:\/\/en.wikipedia.org\/wiki\/Hilda_Heine\"><span style=\"color: #808000;\">Hilda Heinen<\/span><\/a>, mukaan. Heine on saariryhm\u00e4n ensimm\u00e4inen v\u00e4itellyt tohtori ja naisten oikeuksien ryhm\u00e4n, WUTMIn (Women United Together Marshall Islands) perustaja. Esikuvansa ovat siis esimerkillis\u00e4 naisia.<\/span><\/p>\n<p><span style=\"color: #000000;\">Kerstin ja Hildan tulo taloon <a style=\"color: #000000;\" href=\"http:\/\/jakunaho.fi\/?page_id=187\">laukaisi oletetun kanan kukkouden<\/a>. Karitsain saapumisesta alkoi siis uusi vaihe pienenpienen farmimme el\u00e4m\u00e4ss\u00e4.<\/span><\/p>\n<p><span style=\"color: #000000;\">Hilda oli jo ehtinyt tovin laitumella viett\u00e4\u00e4, mutta vierihoidossa ollut Kersti ei viel\u00e4 ollut varsinaisesti ulkoillut. Toki tyt\u00f6t tulivat pihattoluomulampolasta, ett\u00e4 olosuhteet olivat kyll\u00e4 loihakkaat, my\u00f6s &#8221;sis\u00e4tiloissa&#8221;. Joutuminen autonperille ja yht\u00e4kki\u00e4 100 km\/h vauhtiin saattoi kuitenkin olla hieman j\u00e4nnitt\u00e4v\u00e4 kokemus, ja reissu aiheuttikin laumaamme hetkellisen ripulivaiheen. T\u00e4m\u00e4 tiesi l\u00e4\u00e4kint\u00e4\u00e4 ja per\u00e4npesua. Melkoista sementti\u00e4 tuottavat n\u00e4m\u00e4 villapallot. Ja villa t\u00e4t\u00e4 sementti\u00e4 hyvin sitoo. Ei siit\u00e4 sen enemp\u00e4\u00e4 &#8211; eik\u00e4 kuvaa. Muutosripulista selvittiin pian ja tyt\u00f6t ottivat pikku pihattonsa nopeasti haltuun.<\/span><\/p>\n<p><img data-attachment-id=\"228\" data-permalink=\"https:\/\/jakunaho.sekuvain.fi\/?attachment_id=228\" data-orig-file=\"https:\/\/i0.wp.com\/jakunaho.sekuvain.fi\/wp-content\/uploads\/2017\/12\/IMG_0469.jpg?fit=1080%2C1080&amp;ssl=1\" data-orig-size=\"1080,1080\" data-comments-opened=\"1\" data-image-meta=\"{&quot;aperture&quot;:&quot;0&quot;,&quot;credit&quot;:&quot;&quot;,&quot;camera&quot;:&quot;&quot;,&quot;caption&quot;:&quot;&quot;,&quot;created_timestamp&quot;:&quot;0&quot;,&quot;copyright&quot;:&quot;&quot;,&quot;focal_length&quot;:&quot;0&quot;,&quot;iso&quot;:&quot;0&quot;,&quot;shutter_speed&quot;:&quot;0&quot;,&quot;title&quot;:&quot;&quot;,&quot;orientation&quot;:&quot;1&quot;}\" data-image-title=\"IMG_0469\" data-image-description=\"\" data-medium-file=\"https:\/\/i0.wp.com\/jakunaho.sekuvain.fi\/wp-content\/uploads\/2017\/12\/IMG_0469.jpg?fit=300%2C300&amp;ssl=1\" data-large-file=\"https:\/\/i0.wp.com\/jakunaho.sekuvain.fi\/wp-content\/uploads\/2017\/12\/IMG_0469.jpg?fit=756%2C756&amp;ssl=1\" decoding=\"async\" loading=\"lazy\" class=\"alignnone size-medium wp-image-228\" src=\"https:\/\/i2.wp.com\/jakunaho.fi\/wp-content\/uploads\/2017\/12\/IMG_0469-300x300.jpg?resize=300%2C300\" alt=\"\" width=\"300\" height=\"300\" srcset=\"https:\/\/i0.wp.com\/jakunaho.sekuvain.fi\/wp-content\/uploads\/2017\/12\/IMG_0469.jpg?resize=300%2C300&amp;ssl=1 300w, https:\/\/i0.wp.com\/jakunaho.sekuvain.fi\/wp-content\/uploads\/2017\/12\/IMG_0469.jpg?resize=150%2C150&amp;ssl=1 150w, https:\/\/i0.wp.com\/jakunaho.sekuvain.fi\/wp-content\/uploads\/2017\/12\/IMG_0469.jpg?resize=768%2C768&amp;ssl=1 768w, https:\/\/i0.wp.com\/jakunaho.sekuvain.fi\/wp-content\/uploads\/2017\/12\/IMG_0469.jpg?resize=1024%2C1024&amp;ssl=1 1024w, https:\/\/i0.wp.com\/jakunaho.sekuvain.fi\/wp-content\/uploads\/2017\/12\/IMG_0469.jpg?resize=533%2C533&amp;ssl=1 533w, https:\/\/i0.wp.com\/jakunaho.sekuvain.fi\/wp-content\/uploads\/2017\/12\/IMG_0469.jpg?resize=640%2C640&amp;ssl=1 640w, https:\/\/i0.wp.com\/jakunaho.sekuvain.fi\/wp-content\/uploads\/2017\/12\/IMG_0469.jpg?w=1080&amp;ssl=1 1080w, https:\/\/i0.wp.com\/jakunaho.sekuvain.fi\/wp-content\/uploads\/2017\/12\/IMG_0469.jpg?resize=864%2C864&amp;ssl=1 864w, https:\/\/i0.wp.com\/jakunaho.sekuvain.fi\/wp-content\/uploads\/2017\/12\/IMG_0469.jpg?resize=50%2C50&amp;ssl=1 50w\" sizes=\"(max-width: 300px) 100vw, 300px\" data-recalc-dims=\"1\" \/><\/p>\n<p><span style=\"color: #000000;\">Sateinen loppukes\u00e4 ei varsinaisesti kutsunut laitumen rakentamiseen ja n\u00e4inollen Kerstin ja Hildan ulkoilut tapahtuvat riimun p\u00e4\u00e4ss\u00e4. Ovat tyk\u00e4styneet riimuilemaan, tiet\u00e4\u00e4h\u00e4n se aina mets\u00e4retke\u00e4! Riimuun on pari opetettava tulevien vierailujenkin takia. Ensi kes\u00e4n\u00e4 rakentuu my\u00f6s mets\u00e4laidun.\u00a0<\/span><\/p>\n<figure id=\"attachment_213\" aria-describedby=\"caption-attachment-213\" style=\"width: 240px\" class=\"wp-caption alignnone\"><img data-attachment-id=\"213\" data-permalink=\"https:\/\/jakunaho.sekuvain.fi\/?attachment_id=213\" data-orig-file=\"https:\/\/i0.wp.com\/jakunaho.sekuvain.fi\/wp-content\/uploads\/2017\/12\/IMG_6752.jpg?fit=3024%2C3780&amp;ssl=1\" data-orig-size=\"3024,3780\" data-comments-opened=\"1\" data-image-meta=\"{&quot;aperture&quot;:&quot;2.2&quot;,&quot;credit&quot;:&quot;&quot;,&quot;camera&quot;:&quot;iPhone SE&quot;,&quot;caption&quot;:&quot;&quot;,&quot;created_timestamp&quot;:&quot;1502217445&quot;,&quot;copyright&quot;:&quot;&quot;,&quot;focal_length&quot;:&quot;4.15&quot;,&quot;iso&quot;:&quot;200&quot;,&quot;shutter_speed&quot;:&quot;0.058823529411765&quot;,&quot;title&quot;:&quot;&quot;,&quot;orientation&quot;:&quot;1&quot;}\" data-image-title=\"IMG_6752\" data-image-description=\"\" data-medium-file=\"https:\/\/i0.wp.com\/jakunaho.sekuvain.fi\/wp-content\/uploads\/2017\/12\/IMG_6752.jpg?fit=240%2C300&amp;ssl=1\" data-large-file=\"https:\/\/i0.wp.com\/jakunaho.sekuvain.fi\/wp-content\/uploads\/2017\/12\/IMG_6752.jpg?fit=756%2C945&amp;ssl=1\" decoding=\"async\" loading=\"lazy\" class=\"size-medium wp-image-213\" src=\"https:\/\/i2.wp.com\/jakunaho.fi\/wp-content\/uploads\/2017\/12\/IMG_6752-240x300.jpg?resize=240%2C300\" alt=\"\" width=\"240\" height=\"300\" srcset=\"https:\/\/i0.wp.com\/jakunaho.sekuvain.fi\/wp-content\/uploads\/2017\/12\/IMG_6752.jpg?resize=240%2C300&amp;ssl=1 240w, https:\/\/i0.wp.com\/jakunaho.sekuvain.fi\/wp-content\/uploads\/2017\/12\/IMG_6752.jpg?resize=768%2C960&amp;ssl=1 768w, https:\/\/i0.wp.com\/jakunaho.sekuvain.fi\/wp-content\/uploads\/2017\/12\/IMG_6752.jpg?resize=819%2C1024&amp;ssl=1 819w, https:\/\/i0.wp.com\/jakunaho.sekuvain.fi\/wp-content\/uploads\/2017\/12\/IMG_6752.jpg?w=1512 1512w, https:\/\/i0.wp.com\/jakunaho.sekuvain.fi\/wp-content\/uploads\/2017\/12\/IMG_6752.jpg?w=2268 2268w\" sizes=\"(max-width: 240px) 100vw, 240px\" data-recalc-dims=\"1\" \/><figcaption id=\"caption-attachment-213\" class=\"wp-caption-text\">Viel\u00e4 niin pieni Hilda.<\/figcaption><\/figure>\n<figure id=\"attachment_214\" aria-describedby=\"caption-attachment-214\" style=\"width: 300px\" class=\"wp-caption alignnone\"><img data-attachment-id=\"214\" data-permalink=\"https:\/\/jakunaho.sekuvain.fi\/?attachment_id=214\" data-orig-file=\"https:\/\/i2.wp.com\/jakunaho.sekuvain.fi\/wp-content\/uploads\/2017\/12\/IMG_6766.jpg?fit=4032%2C3024&amp;ssl=1\" data-orig-size=\"4032,3024\" data-comments-opened=\"1\" data-image-meta=\"{&quot;aperture&quot;:&quot;2.2&quot;,&quot;credit&quot;:&quot;&quot;,&quot;camera&quot;:&quot;iPhone SE&quot;,&quot;caption&quot;:&quot;&quot;,&quot;created_timestamp&quot;:&quot;1502380367&quot;,&quot;copyright&quot;:&quot;&quot;,&quot;focal_length&quot;:&quot;4.15&quot;,&quot;iso&quot;:&quot;160&quot;,&quot;shutter_speed&quot;:&quot;0.03030303030303&quot;,&quot;title&quot;:&quot;&quot;,&quot;orientation&quot;:&quot;1&quot;}\" data-image-title=\"IMG_6766\" data-image-description=\"\" data-medium-file=\"https:\/\/i2.wp.com\/jakunaho.sekuvain.fi\/wp-content\/uploads\/2017\/12\/IMG_6766.jpg?fit=300%2C225&amp;ssl=1\" data-large-file=\"https:\/\/i2.wp.com\/jakunaho.sekuvain.fi\/wp-content\/uploads\/2017\/12\/IMG_6766.jpg?fit=756%2C567&amp;ssl=1\" decoding=\"async\" loading=\"lazy\" class=\"size-medium wp-image-214\" src=\"https:\/\/i1.wp.com\/jakunaho.fi\/wp-content\/uploads\/2017\/12\/IMG_6766-300x225.jpg?resize=300%2C225\" alt=\"\" width=\"300\" height=\"225\" srcset=\"https:\/\/i2.wp.com\/jakunaho.sekuvain.fi\/wp-content\/uploads\/2017\/12\/IMG_6766.jpg?resize=300%2C225&amp;ssl=1 300w, https:\/\/i2.wp.com\/jakunaho.sekuvain.fi\/wp-content\/uploads\/2017\/12\/IMG_6766.jpg?resize=768%2C576&amp;ssl=1 768w, https:\/\/i2.wp.com\/jakunaho.sekuvain.fi\/wp-content\/uploads\/2017\/12\/IMG_6766.jpg?resize=1024%2C768&amp;ssl=1 1024w, https:\/\/i2.wp.com\/jakunaho.sekuvain.fi\/wp-content\/uploads\/2017\/12\/IMG_6766.jpg?w=1512 1512w, https:\/\/i2.wp.com\/jakunaho.sekuvain.fi\/wp-content\/uploads\/2017\/12\/IMG_6766.jpg?w=2268 2268w\" sizes=\"(max-width: 300px) 100vw, 300px\" data-recalc-dims=\"1\" \/><figcaption id=\"caption-attachment-214\" class=\"wp-caption-text\">Lampola<\/figcaption><\/figure>\n<div class=\"mceTemp\"><\/div>\n<figure id=\"attachment_216\" aria-describedby=\"caption-attachment-216\" style=\"width: 225px\" class=\"wp-caption alignnone\"><img data-attachment-id=\"216\" data-permalink=\"https:\/\/jakunaho.sekuvain.fi\/?attachment_id=216\" data-orig-file=\"https:\/\/i2.wp.com\/jakunaho.sekuvain.fi\/wp-content\/uploads\/2017\/12\/IMG_6822-e1512904155447.jpg?fit=960%2C1280&amp;ssl=1\" data-orig-size=\"960,1280\" data-comments-opened=\"1\" data-image-meta=\"{&quot;aperture&quot;:&quot;2.4&quot;,&quot;credit&quot;:&quot;&quot;,&quot;camera&quot;:&quot;iPhone SE&quot;,&quot;caption&quot;:&quot;&quot;,&quot;created_timestamp&quot;:&quot;1502912757&quot;,&quot;copyright&quot;:&quot;&quot;,&quot;focal_length&quot;:&quot;2.15&quot;,&quot;iso&quot;:&quot;400&quot;,&quot;shutter_speed&quot;:&quot;0.04&quot;,&quot;title&quot;:&quot;&quot;,&quot;orientation&quot;:&quot;8&quot;}\" data-image-title=\"IMG_6822\" data-image-description=\"\" data-medium-file=\"https:\/\/i2.wp.com\/jakunaho.sekuvain.fi\/wp-content\/uploads\/2017\/12\/IMG_6822-e1512904155447.jpg?fit=225%2C300&amp;ssl=1\" data-large-file=\"https:\/\/i2.wp.com\/jakunaho.sekuvain.fi\/wp-content\/uploads\/2017\/12\/IMG_6822-e1512904155447.jpg?fit=756%2C1008&amp;ssl=1\" decoding=\"async\" loading=\"lazy\" class=\"size-medium wp-image-216\" src=\"https:\/\/i2.wp.com\/jakunaho.fi\/wp-content\/uploads\/2017\/12\/IMG_6822-e1512904155447-225x300.jpg?resize=225%2C300\" alt=\"\" width=\"225\" height=\"300\" srcset=\"https:\/\/i2.wp.com\/jakunaho.sekuvain.fi\/wp-content\/uploads\/2017\/12\/IMG_6822-e1512904155447.jpg?resize=225%2C300&amp;ssl=1 225w, https:\/\/i2.wp.com\/jakunaho.sekuvain.fi\/wp-content\/uploads\/2017\/12\/IMG_6822-e1512904155447.jpg?resize=768%2C1024&amp;ssl=1 768w, https:\/\/i2.wp.com\/jakunaho.sekuvain.fi\/wp-content\/uploads\/2017\/12\/IMG_6822-e1512904155447.jpg?w=960&amp;ssl=1 960w\" sizes=\"(max-width: 225px) 100vw, 225px\" data-recalc-dims=\"1\" \/><figcaption id=\"caption-attachment-216\" class=\"wp-caption-text\">No onhan ne nyt s\u00f6p\u00f6j\u00e4!<\/figcaption><\/figure>\n","protected":false},"excerpt":{"rendered":"<p>Presidentilliset uuhikaritsamme, Kersti ja Hilda, ovat niinik\u00e4\u00e4n &#8221;pelastetut&#8221;. Eih\u00e4n uuhikaritsoiden el\u00e4m\u00e4 yleens\u00e4ottaen nuorena lopu, mutta jos j\u00e4\u00e4 jatkuvasti joukon h\u00e4nnille, ei varmasti ole perillisten tuottajanakaan ihan ykk\u00f6ssijalla. Olin jo p\u00e4\u00e4tt\u00e4nyt kaksi m\u00e4\u00e4kij\u00e4\u00e4 taloon tuoda, koska, no, maalaistalo &#8211; ja t\u00e4ytyyh\u00e4n nyt maalaistalossa m\u00e4rehtij\u00e4 olla. Ja &hellip; <a href=\"https:\/\/jakunaho.sekuvain.fi\/?page_id=211\" class=\"more-link\"><span>Continue reading<span class=\"screen-reader-text\">KERSTI\u00a0JA\u00a0HILDA<\/span><\/span><\/a><\/p>\n","protected":false},"author":1,"featured_media":0,"parent":130,"menu_order":0,"comment_status":"closed","ping_status":"closed","template":"","meta":[],"_links":{"self":[{"href":"https:\/\/jakunaho.sekuvain.fi\/index.php?rest_route=\/wp\/v2\/pages\/211"}],"collection":[{"href":"https:\/\/jakunaho.sekuvain.fi\/index.php?rest_route=\/wp\/v2\/pages"}],"about":[{"href":"https:\/\/jakunaho.sekuvain.fi\/index.php?rest_route=\/wp\/v2\/types\/page"}],"author":[{"embeddable":true,"href":"https:\/\/jakunaho.sekuvain.fi\/index.php?rest_route=\/wp\/v2\/users\/1"}],"replies":[{"embeddable":true,"href":"https:\/\/jakunaho.sekuvain.fi\/index.php?rest_route=%2Fwp%2Fv2%2Fcomments&post=211"}],"version-history":[{"count":5,"href":"https:\/\/jakunaho.sekuvain.fi\/index.php?rest_route=\/wp\/v2\/pages\/211\/revisions"}],"predecessor-version":[{"id":233,"href":"https:\/\/jakunaho.sekuvain.fi\/index.php?rest_route=\/wp\/v2\/pages\/211\/revisions\/233"}],"up":[{"embeddable":true,"href":"https:\/\/jakunaho.sekuvain.fi\/index.php?rest_route=\/wp\/v2\/pages\/130"}],"wp:attachment":[{"href":"https:\/\/jakunaho.sekuvain.fi\/index.php?rest_route=%2Fwp%2Fv2%2Fmedia&parent=211"}],"curies":[{"name":"wp","href":"https:\/\/api.w.org\/{rel}","templated":true}]}}