{"id":164,"date":"2017-12-08T11:49:48","date_gmt":"2017-12-08T11:49:48","guid":{"rendered":"http:\/\/jakunaho.fi\/?page_id=164"},"modified":"2017-12-10T13:13:30","modified_gmt":"2017-12-10T13:13:30","slug":"paalimuovi","status":"publish","type":"page","link":"https:\/\/jakunaho.sekuvain.fi\/?page_id=164","title":{"rendered":"PAALIMUOVI"},"content":{"rendered":"<p><span style=\"color: #000000;\">Aiemmin vain auton ikkunasta havainnoimani pellolla t\u00f6r\u00f6tt\u00e4v\u00e4 valkoinen (yleens\u00e4) muovipallero on tullut tutuksi maatalouden perustutkintoa opiskelleelle. Opiskeluni oli p\u00e4\u00e4osin ty\u00f6ss\u00e4oppimista ja el\u00e4intenhoitajan (tuotantopuolen) opissa on tullut revityksi auki paali jos toinenkin. Ranteet on huutaneet hoosiannaa, joka tietysti n\u00e4in joulun alla ei ole vika vaan pikantti lis\u00e4. Omatkin lampaat sy\u00f6v\u00e4t muoviin paalattua kamaa, joten paalimuovi tunkee nyt oikein syliini.<\/span><\/p>\n<p><span style=\"color: #000000;\">Maalla asuja ei voi v\u00e4ltty\u00e4 paalimuovin havainnoinnilta. Ahdistaa paalimuovikasat, joita on jokaisen maatalon pihassa. Ja varsinkin ahdistaa paalimuovikasat, jotka on lev\u00e4ll\u00e4\u00e4n pitkin tonttia. Ty\u00f6ss\u00e4oppimispaikoissa tulin tunnetuksi paalimuovihaukkana. Ker\u00e4sin riekaleita raivon vimmalla. Enk\u00e4 v\u00e4hiten siksi, ett\u00e4 hirvitti ajatus muovisilpusta jonkun el\u00e4inlapsen hengitystiehyeiss\u00e4. Nyky\u00e4\u00e4n onneksi, nimenomaan paalimuoville, on olemassa ker\u00e4ys. Muovit tullaan hakemaan maatilalta, niit\u00e4 ei tarvitse itse edes kuljettaa. Mutta kasata ne pit\u00e4\u00e4, eik\u00e4 seassa saa olla muuta roskaa. Ja edellisen kirjoitettuani, menin varmistamaan, ett\u00e4 n\u00e4in on, niin saan lukea, ett\u00e4 ker\u00e4\u00e4v\u00e4 firma on lopettanut toimintansa. Aijai. Nyt kaupataan maatiloille l\u00e4mp\u00f6paalainta (<span style=\"color: #808000;\"><a style=\"color: #808000;\" href=\"https:\/\/www.youtube.com\/watch?v=E2XNJDitmdw&amp;feature=youtu.be\">https:\/\/www.youtube.com\/watch?v=E2XNJDitmdw&amp;feature=youtu.be<\/a><\/span>). Min\u00e4 heti ostaisin, mutta meid\u00e4n muovim\u00e4\u00e4rill\u00e4 taitaisi j\u00e4\u00e4d\u00e4 palikat viel\u00e4 kovin pieniksi. Huolestuin siis uudelleen, jotta noinko tilat pr\u00e4ssiin sijoittavat tahi muovejaan ker\u00e4ykseen toimittavat, eiv\u00e4tk\u00e4 hautaa niit\u00e4 maastoon. T\u00e4t\u00e4kin tapahtuu.<\/span><\/p>\n<p><span style=\"color: #000000;\">Muovi luonnossa kaikkinensa ahdistaa. Se on paitsi hengenvaarallista, joutuessaan elukoiden elimist\u00f6\u00f6n (ja sit\u00e4paitsi vaikkapa kalojen mukana takaisin omaamme), my\u00f6s maatumaton, tai parhaimmillaan eritt\u00e4in hitaasti maatuva, maiseman rumentaja. Muovipussit pit\u00e4isi mielest\u00e4ni kertakaikkiaan kielt\u00e4\u00e4. Kyll\u00e4 ihminen oppii kangaskassia kauppareissuillaan mukana kantamaan. On maita, joissa muovipussit on lailla kielletty.<\/span><\/p>\n<p><span style=\"color: #000000;\">Niin kauan kun on muovipusseja ja paalimuoveja, niin meid\u00e4n tontilla ne pyrit\u00e4\u00e4n jalostamaan kauniiseen muotoon, ei poisheitett\u00e4viksi k\u00e4ytt\u00f6esineiksi. Hamuan muovipusseja pois kierrosta ja sulatan ne yhdess\u00e4 paalimuovien kanssa (ainakin omaa) silm\u00e4\u00e4 miellytt\u00e4viksi tarve- ja koriste-esineiksi.<\/span><\/p>\n<p><span style=\"color: #000000;\">T\u00e4ss\u00e4p\u00e4 tuotoksiani (kuvia tulee lis\u00e4\u00e4):<\/span><\/p>\n<p><span style=\"color: #000000;\"><img data-attachment-id=\"165\" data-permalink=\"https:\/\/jakunaho.sekuvain.fi\/?attachment_id=165\" data-orig-file=\"https:\/\/i2.wp.com\/jakunaho.sekuvain.fi\/wp-content\/uploads\/2017\/12\/IMG_0448.jpg?fit=960%2C960&amp;ssl=1\" data-orig-size=\"960,960\" data-comments-opened=\"1\" data-image-meta=\"{&quot;aperture&quot;:&quot;0&quot;,&quot;credit&quot;:&quot;&quot;,&quot;camera&quot;:&quot;&quot;,&quot;caption&quot;:&quot;&quot;,&quot;created_timestamp&quot;:&quot;0&quot;,&quot;copyright&quot;:&quot;&quot;,&quot;focal_length&quot;:&quot;0&quot;,&quot;iso&quot;:&quot;0&quot;,&quot;shutter_speed&quot;:&quot;0&quot;,&quot;title&quot;:&quot;&quot;,&quot;orientation&quot;:&quot;1&quot;}\" data-image-title=\"IMG_0448\" data-image-description=\"\" data-medium-file=\"https:\/\/i2.wp.com\/jakunaho.sekuvain.fi\/wp-content\/uploads\/2017\/12\/IMG_0448.jpg?fit=300%2C300&amp;ssl=1\" data-large-file=\"https:\/\/i2.wp.com\/jakunaho.sekuvain.fi\/wp-content\/uploads\/2017\/12\/IMG_0448.jpg?fit=756%2C756&amp;ssl=1\" decoding=\"async\" loading=\"lazy\" class=\"alignnone size-medium wp-image-165\" src=\"https:\/\/i1.wp.com\/jakunaho.fi\/wp-content\/uploads\/2017\/12\/IMG_0448-300x300.jpg?resize=300%2C300\" alt=\"\" width=\"300\" height=\"300\" srcset=\"https:\/\/i2.wp.com\/jakunaho.sekuvain.fi\/wp-content\/uploads\/2017\/12\/IMG_0448.jpg?resize=300%2C300&amp;ssl=1 300w, https:\/\/i2.wp.com\/jakunaho.sekuvain.fi\/wp-content\/uploads\/2017\/12\/IMG_0448.jpg?resize=150%2C150&amp;ssl=1 150w, https:\/\/i2.wp.com\/jakunaho.sekuvain.fi\/wp-content\/uploads\/2017\/12\/IMG_0448.jpg?resize=768%2C768&amp;ssl=1 768w, https:\/\/i2.wp.com\/jakunaho.sekuvain.fi\/wp-content\/uploads\/2017\/12\/IMG_0448.jpg?resize=533%2C533&amp;ssl=1 533w, https:\/\/i2.wp.com\/jakunaho.sekuvain.fi\/wp-content\/uploads\/2017\/12\/IMG_0448.jpg?resize=640%2C640&amp;ssl=1 640w, https:\/\/i2.wp.com\/jakunaho.sekuvain.fi\/wp-content\/uploads\/2017\/12\/IMG_0448.jpg?resize=864%2C864&amp;ssl=1 864w, https:\/\/i2.wp.com\/jakunaho.sekuvain.fi\/wp-content\/uploads\/2017\/12\/IMG_0448.jpg?resize=50%2C50&amp;ssl=1 50w, https:\/\/i2.wp.com\/jakunaho.sekuvain.fi\/wp-content\/uploads\/2017\/12\/IMG_0448.jpg?w=960&amp;ssl=1 960w\" sizes=\"(max-width: 300px) 100vw, 300px\" data-recalc-dims=\"1\" \/> <img data-attachment-id=\"166\" data-permalink=\"https:\/\/jakunaho.sekuvain.fi\/?attachment_id=166\" data-orig-file=\"https:\/\/i1.wp.com\/jakunaho.sekuvain.fi\/wp-content\/uploads\/2017\/12\/IMG_0449.jpg?fit=960%2C960&amp;ssl=1\" data-orig-size=\"960,960\" data-comments-opened=\"1\" data-image-meta=\"{&quot;aperture&quot;:&quot;0&quot;,&quot;credit&quot;:&quot;&quot;,&quot;camera&quot;:&quot;&quot;,&quot;caption&quot;:&quot;&quot;,&quot;created_timestamp&quot;:&quot;0&quot;,&quot;copyright&quot;:&quot;&quot;,&quot;focal_length&quot;:&quot;0&quot;,&quot;iso&quot;:&quot;0&quot;,&quot;shutter_speed&quot;:&quot;0&quot;,&quot;title&quot;:&quot;&quot;,&quot;orientation&quot;:&quot;1&quot;}\" data-image-title=\"IMG_0449\" data-image-description=\"\" data-medium-file=\"https:\/\/i1.wp.com\/jakunaho.sekuvain.fi\/wp-content\/uploads\/2017\/12\/IMG_0449.jpg?fit=300%2C300&amp;ssl=1\" data-large-file=\"https:\/\/i1.wp.com\/jakunaho.sekuvain.fi\/wp-content\/uploads\/2017\/12\/IMG_0449.jpg?fit=756%2C756&amp;ssl=1\" decoding=\"async\" loading=\"lazy\" class=\"alignnone size-medium wp-image-166\" src=\"https:\/\/i0.wp.com\/jakunaho.fi\/wp-content\/uploads\/2017\/12\/IMG_0449-300x300.jpg?resize=300%2C300\" alt=\"\" width=\"300\" height=\"300\" srcset=\"https:\/\/i1.wp.com\/jakunaho.sekuvain.fi\/wp-content\/uploads\/2017\/12\/IMG_0449.jpg?resize=300%2C300&amp;ssl=1 300w, https:\/\/i1.wp.com\/jakunaho.sekuvain.fi\/wp-content\/uploads\/2017\/12\/IMG_0449.jpg?resize=150%2C150&amp;ssl=1 150w, https:\/\/i1.wp.com\/jakunaho.sekuvain.fi\/wp-content\/uploads\/2017\/12\/IMG_0449.jpg?resize=768%2C768&amp;ssl=1 768w, https:\/\/i1.wp.com\/jakunaho.sekuvain.fi\/wp-content\/uploads\/2017\/12\/IMG_0449.jpg?resize=533%2C533&amp;ssl=1 533w, https:\/\/i1.wp.com\/jakunaho.sekuvain.fi\/wp-content\/uploads\/2017\/12\/IMG_0449.jpg?resize=640%2C640&amp;ssl=1 640w, https:\/\/i1.wp.com\/jakunaho.sekuvain.fi\/wp-content\/uploads\/2017\/12\/IMG_0449.jpg?resize=864%2C864&amp;ssl=1 864w, https:\/\/i1.wp.com\/jakunaho.sekuvain.fi\/wp-content\/uploads\/2017\/12\/IMG_0449.jpg?resize=50%2C50&amp;ssl=1 50w, https:\/\/i1.wp.com\/jakunaho.sekuvain.fi\/wp-content\/uploads\/2017\/12\/IMG_0449.jpg?w=960&amp;ssl=1 960w\" sizes=\"(max-width: 300px) 100vw, 300px\" data-recalc-dims=\"1\" \/> <img data-attachment-id=\"167\" data-permalink=\"https:\/\/jakunaho.sekuvain.fi\/?attachment_id=167\" data-orig-file=\"https:\/\/i2.wp.com\/jakunaho.sekuvain.fi\/wp-content\/uploads\/2017\/12\/IMG_0451.jpg?fit=700%2C700&amp;ssl=1\" data-orig-size=\"700,700\" data-comments-opened=\"1\" data-image-meta=\"{&quot;aperture&quot;:&quot;0&quot;,&quot;credit&quot;:&quot;&quot;,&quot;camera&quot;:&quot;&quot;,&quot;caption&quot;:&quot;&quot;,&quot;created_timestamp&quot;:&quot;0&quot;,&quot;copyright&quot;:&quot;&quot;,&quot;focal_length&quot;:&quot;0&quot;,&quot;iso&quot;:&quot;0&quot;,&quot;shutter_speed&quot;:&quot;0&quot;,&quot;title&quot;:&quot;&quot;,&quot;orientation&quot;:&quot;1&quot;}\" data-image-title=\"IMG_0451\" data-image-description=\"\" data-medium-file=\"https:\/\/i2.wp.com\/jakunaho.sekuvain.fi\/wp-content\/uploads\/2017\/12\/IMG_0451.jpg?fit=300%2C300&amp;ssl=1\" data-large-file=\"https:\/\/i2.wp.com\/jakunaho.sekuvain.fi\/wp-content\/uploads\/2017\/12\/IMG_0451.jpg?fit=700%2C700&amp;ssl=1\" decoding=\"async\" loading=\"lazy\" class=\"alignnone size-medium wp-image-167\" src=\"https:\/\/i2.wp.com\/jakunaho.fi\/wp-content\/uploads\/2017\/12\/IMG_0451-300x300.jpg?resize=300%2C300\" alt=\"\" width=\"300\" height=\"300\" srcset=\"https:\/\/i2.wp.com\/jakunaho.sekuvain.fi\/wp-content\/uploads\/2017\/12\/IMG_0451.jpg?resize=300%2C300&amp;ssl=1 300w, https:\/\/i2.wp.com\/jakunaho.sekuvain.fi\/wp-content\/uploads\/2017\/12\/IMG_0451.jpg?resize=150%2C150&amp;ssl=1 150w, https:\/\/i2.wp.com\/jakunaho.sekuvain.fi\/wp-content\/uploads\/2017\/12\/IMG_0451.jpg?resize=533%2C533&amp;ssl=1 533w, https:\/\/i2.wp.com\/jakunaho.sekuvain.fi\/wp-content\/uploads\/2017\/12\/IMG_0451.jpg?resize=640%2C640&amp;ssl=1 640w, https:\/\/i2.wp.com\/jakunaho.sekuvain.fi\/wp-content\/uploads\/2017\/12\/IMG_0451.jpg?resize=50%2C50&amp;ssl=1 50w, https:\/\/i2.wp.com\/jakunaho.sekuvain.fi\/wp-content\/uploads\/2017\/12\/IMG_0451.jpg?w=700&amp;ssl=1 700w\" sizes=\"(max-width: 300px) 100vw, 300px\" data-recalc-dims=\"1\" \/> <img data-attachment-id=\"168\" data-permalink=\"https:\/\/jakunaho.sekuvain.fi\/?attachment_id=168\" data-orig-file=\"https:\/\/i1.wp.com\/jakunaho.sekuvain.fi\/wp-content\/uploads\/2017\/12\/IMG_0452.jpg?fit=2048%2C2048&amp;ssl=1\" data-orig-size=\"2048,2048\" data-comments-opened=\"1\" data-image-meta=\"{&quot;aperture&quot;:&quot;0&quot;,&quot;credit&quot;:&quot;&quot;,&quot;camera&quot;:&quot;&quot;,&quot;caption&quot;:&quot;&quot;,&quot;created_timestamp&quot;:&quot;0&quot;,&quot;copyright&quot;:&quot;&quot;,&quot;focal_length&quot;:&quot;0&quot;,&quot;iso&quot;:&quot;0&quot;,&quot;shutter_speed&quot;:&quot;0&quot;,&quot;title&quot;:&quot;&quot;,&quot;orientation&quot;:&quot;1&quot;}\" data-image-title=\"IMG_0452\" data-image-description=\"\" data-medium-file=\"https:\/\/i1.wp.com\/jakunaho.sekuvain.fi\/wp-content\/uploads\/2017\/12\/IMG_0452.jpg?fit=300%2C300&amp;ssl=1\" data-large-file=\"https:\/\/i1.wp.com\/jakunaho.sekuvain.fi\/wp-content\/uploads\/2017\/12\/IMG_0452.jpg?fit=756%2C756&amp;ssl=1\" decoding=\"async\" loading=\"lazy\" class=\"alignnone size-medium wp-image-168\" src=\"https:\/\/i2.wp.com\/jakunaho.fi\/wp-content\/uploads\/2017\/12\/IMG_0452-300x300.jpg?resize=300%2C300\" alt=\"\" width=\"300\" height=\"300\" srcset=\"https:\/\/i1.wp.com\/jakunaho.sekuvain.fi\/wp-content\/uploads\/2017\/12\/IMG_0452.jpg?resize=300%2C300&amp;ssl=1 300w, https:\/\/i1.wp.com\/jakunaho.sekuvain.fi\/wp-content\/uploads\/2017\/12\/IMG_0452.jpg?resize=150%2C150&amp;ssl=1 150w, https:\/\/i1.wp.com\/jakunaho.sekuvain.fi\/wp-content\/uploads\/2017\/12\/IMG_0452.jpg?resize=768%2C768&amp;ssl=1 768w, https:\/\/i1.wp.com\/jakunaho.sekuvain.fi\/wp-content\/uploads\/2017\/12\/IMG_0452.jpg?resize=1024%2C1024&amp;ssl=1 1024w, https:\/\/i1.wp.com\/jakunaho.sekuvain.fi\/wp-content\/uploads\/2017\/12\/IMG_0452.jpg?resize=533%2C533&amp;ssl=1 533w, https:\/\/i1.wp.com\/jakunaho.sekuvain.fi\/wp-content\/uploads\/2017\/12\/IMG_0452.jpg?resize=640%2C640&amp;ssl=1 640w, https:\/\/i1.wp.com\/jakunaho.sekuvain.fi\/wp-content\/uploads\/2017\/12\/IMG_0452.jpg?resize=864%2C864&amp;ssl=1 864w, https:\/\/i1.wp.com\/jakunaho.sekuvain.fi\/wp-content\/uploads\/2017\/12\/IMG_0452.jpg?resize=50%2C50&amp;ssl=1 50w, https:\/\/i1.wp.com\/jakunaho.sekuvain.fi\/wp-content\/uploads\/2017\/12\/IMG_0452.jpg?w=2048&amp;ssl=1 2048w, https:\/\/i1.wp.com\/jakunaho.sekuvain.fi\/wp-content\/uploads\/2017\/12\/IMG_0452.jpg?w=1512 1512w\" sizes=\"(max-width: 300px) 100vw, 300px\" data-recalc-dims=\"1\" \/> <img data-attachment-id=\"169\" data-permalink=\"https:\/\/jakunaho.sekuvain.fi\/?attachment_id=169\" data-orig-file=\"https:\/\/i1.wp.com\/jakunaho.sekuvain.fi\/wp-content\/uploads\/2017\/12\/IMG_0462.jpg?fit=2048%2C2048&amp;ssl=1\" data-orig-size=\"2048,2048\" data-comments-opened=\"1\" data-image-meta=\"{&quot;aperture&quot;:&quot;0&quot;,&quot;credit&quot;:&quot;&quot;,&quot;camera&quot;:&quot;&quot;,&quot;caption&quot;:&quot;&quot;,&quot;created_timestamp&quot;:&quot;0&quot;,&quot;copyright&quot;:&quot;&quot;,&quot;focal_length&quot;:&quot;0&quot;,&quot;iso&quot;:&quot;0&quot;,&quot;shutter_speed&quot;:&quot;0&quot;,&quot;title&quot;:&quot;&quot;,&quot;orientation&quot;:&quot;1&quot;}\" data-image-title=\"IMG_0462\" data-image-description=\"\" data-medium-file=\"https:\/\/i1.wp.com\/jakunaho.sekuvain.fi\/wp-content\/uploads\/2017\/12\/IMG_0462.jpg?fit=300%2C300&amp;ssl=1\" data-large-file=\"https:\/\/i1.wp.com\/jakunaho.sekuvain.fi\/wp-content\/uploads\/2017\/12\/IMG_0462.jpg?fit=756%2C756&amp;ssl=1\" decoding=\"async\" loading=\"lazy\" class=\"alignnone size-medium wp-image-169\" src=\"https:\/\/i2.wp.com\/jakunaho.fi\/wp-content\/uploads\/2017\/12\/IMG_0462-300x300.jpg?resize=300%2C300\" alt=\"\" width=\"300\" height=\"300\" srcset=\"https:\/\/i1.wp.com\/jakunaho.sekuvain.fi\/wp-content\/uploads\/2017\/12\/IMG_0462.jpg?resize=300%2C300&amp;ssl=1 300w, https:\/\/i1.wp.com\/jakunaho.sekuvain.fi\/wp-content\/uploads\/2017\/12\/IMG_0462.jpg?resize=150%2C150&amp;ssl=1 150w, https:\/\/i1.wp.com\/jakunaho.sekuvain.fi\/wp-content\/uploads\/2017\/12\/IMG_0462.jpg?resize=768%2C768&amp;ssl=1 768w, https:\/\/i1.wp.com\/jakunaho.sekuvain.fi\/wp-content\/uploads\/2017\/12\/IMG_0462.jpg?resize=1024%2C1024&amp;ssl=1 1024w, https:\/\/i1.wp.com\/jakunaho.sekuvain.fi\/wp-content\/uploads\/2017\/12\/IMG_0462.jpg?resize=533%2C533&amp;ssl=1 533w, https:\/\/i1.wp.com\/jakunaho.sekuvain.fi\/wp-content\/uploads\/2017\/12\/IMG_0462.jpg?resize=640%2C640&amp;ssl=1 640w, https:\/\/i1.wp.com\/jakunaho.sekuvain.fi\/wp-content\/uploads\/2017\/12\/IMG_0462.jpg?resize=864%2C864&amp;ssl=1 864w, https:\/\/i1.wp.com\/jakunaho.sekuvain.fi\/wp-content\/uploads\/2017\/12\/IMG_0462.jpg?resize=50%2C50&amp;ssl=1 50w, https:\/\/i1.wp.com\/jakunaho.sekuvain.fi\/wp-content\/uploads\/2017\/12\/IMG_0462.jpg?w=2048&amp;ssl=1 2048w, https:\/\/i1.wp.com\/jakunaho.sekuvain.fi\/wp-content\/uploads\/2017\/12\/IMG_0462.jpg?w=1512 1512w\" sizes=\"(max-width: 300px) 100vw, 300px\" data-recalc-dims=\"1\" \/><img data-attachment-id=\"224\" data-permalink=\"https:\/\/jakunaho.sekuvain.fi\/?attachment_id=224\" data-orig-file=\"https:\/\/i2.wp.com\/jakunaho.sekuvain.fi\/wp-content\/uploads\/2017\/12\/IMG_0465.jpg?fit=960%2C960&amp;ssl=1\" data-orig-size=\"960,960\" data-comments-opened=\"1\" data-image-meta=\"{&quot;aperture&quot;:&quot;0&quot;,&quot;credit&quot;:&quot;&quot;,&quot;camera&quot;:&quot;&quot;,&quot;caption&quot;:&quot;&quot;,&quot;created_timestamp&quot;:&quot;0&quot;,&quot;copyright&quot;:&quot;&quot;,&quot;focal_length&quot;:&quot;0&quot;,&quot;iso&quot;:&quot;0&quot;,&quot;shutter_speed&quot;:&quot;0&quot;,&quot;title&quot;:&quot;&quot;,&quot;orientation&quot;:&quot;1&quot;}\" data-image-title=\"IMG_0465\" data-image-description=\"\" data-medium-file=\"https:\/\/i2.wp.com\/jakunaho.sekuvain.fi\/wp-content\/uploads\/2017\/12\/IMG_0465.jpg?fit=300%2C300&amp;ssl=1\" data-large-file=\"https:\/\/i2.wp.com\/jakunaho.sekuvain.fi\/wp-content\/uploads\/2017\/12\/IMG_0465.jpg?fit=756%2C756&amp;ssl=1\" decoding=\"async\" loading=\"lazy\" class=\"alignnone size-medium wp-image-224\" src=\"https:\/\/i2.wp.com\/jakunaho.fi\/wp-content\/uploads\/2017\/12\/IMG_0465-300x300.jpg?resize=300%2C300\" alt=\"\" width=\"300\" height=\"300\" srcset=\"https:\/\/i2.wp.com\/jakunaho.sekuvain.fi\/wp-content\/uploads\/2017\/12\/IMG_0465.jpg?resize=300%2C300&amp;ssl=1 300w, https:\/\/i2.wp.com\/jakunaho.sekuvain.fi\/wp-content\/uploads\/2017\/12\/IMG_0465.jpg?resize=150%2C150&amp;ssl=1 150w, https:\/\/i2.wp.com\/jakunaho.sekuvain.fi\/wp-content\/uploads\/2017\/12\/IMG_0465.jpg?resize=768%2C768&amp;ssl=1 768w, https:\/\/i2.wp.com\/jakunaho.sekuvain.fi\/wp-content\/uploads\/2017\/12\/IMG_0465.jpg?resize=533%2C533&amp;ssl=1 533w, https:\/\/i2.wp.com\/jakunaho.sekuvain.fi\/wp-content\/uploads\/2017\/12\/IMG_0465.jpg?resize=640%2C640&amp;ssl=1 640w, https:\/\/i2.wp.com\/jakunaho.sekuvain.fi\/wp-content\/uploads\/2017\/12\/IMG_0465.jpg?resize=864%2C864&amp;ssl=1 864w, https:\/\/i2.wp.com\/jakunaho.sekuvain.fi\/wp-content\/uploads\/2017\/12\/IMG_0465.jpg?resize=50%2C50&amp;ssl=1 50w, https:\/\/i2.wp.com\/jakunaho.sekuvain.fi\/wp-content\/uploads\/2017\/12\/IMG_0465.jpg?w=960&amp;ssl=1 960w\" sizes=\"(max-width: 300px) 100vw, 300px\" data-recalc-dims=\"1\" \/> <img data-attachment-id=\"225\" data-permalink=\"https:\/\/jakunaho.sekuvain.fi\/?attachment_id=225\" data-orig-file=\"https:\/\/i1.wp.com\/jakunaho.sekuvain.fi\/wp-content\/uploads\/2017\/12\/IMG_0466.jpg?fit=720%2C720&amp;ssl=1\" data-orig-size=\"720,720\" data-comments-opened=\"1\" data-image-meta=\"{&quot;aperture&quot;:&quot;0&quot;,&quot;credit&quot;:&quot;&quot;,&quot;camera&quot;:&quot;&quot;,&quot;caption&quot;:&quot;&quot;,&quot;created_timestamp&quot;:&quot;0&quot;,&quot;copyright&quot;:&quot;&quot;,&quot;focal_length&quot;:&quot;0&quot;,&quot;iso&quot;:&quot;0&quot;,&quot;shutter_speed&quot;:&quot;0&quot;,&quot;title&quot;:&quot;&quot;,&quot;orientation&quot;:&quot;1&quot;}\" data-image-title=\"IMG_0466\" data-image-description=\"\" data-medium-file=\"https:\/\/i1.wp.com\/jakunaho.sekuvain.fi\/wp-content\/uploads\/2017\/12\/IMG_0466.jpg?fit=300%2C300&amp;ssl=1\" data-large-file=\"https:\/\/i1.wp.com\/jakunaho.sekuvain.fi\/wp-content\/uploads\/2017\/12\/IMG_0466.jpg?fit=720%2C720&amp;ssl=1\" decoding=\"async\" loading=\"lazy\" class=\"alignnone size-medium wp-image-225\" src=\"https:\/\/i2.wp.com\/jakunaho.fi\/wp-content\/uploads\/2017\/12\/IMG_0466-300x300.jpg?resize=300%2C300\" alt=\"\" width=\"300\" height=\"300\" srcset=\"https:\/\/i1.wp.com\/jakunaho.sekuvain.fi\/wp-content\/uploads\/2017\/12\/IMG_0466.jpg?resize=300%2C300&amp;ssl=1 300w, https:\/\/i1.wp.com\/jakunaho.sekuvain.fi\/wp-content\/uploads\/2017\/12\/IMG_0466.jpg?resize=150%2C150&amp;ssl=1 150w, https:\/\/i1.wp.com\/jakunaho.sekuvain.fi\/wp-content\/uploads\/2017\/12\/IMG_0466.jpg?resize=533%2C533&amp;ssl=1 533w, https:\/\/i1.wp.com\/jakunaho.sekuvain.fi\/wp-content\/uploads\/2017\/12\/IMG_0466.jpg?resize=640%2C640&amp;ssl=1 640w, https:\/\/i1.wp.com\/jakunaho.sekuvain.fi\/wp-content\/uploads\/2017\/12\/IMG_0466.jpg?resize=50%2C50&amp;ssl=1 50w, https:\/\/i1.wp.com\/jakunaho.sekuvain.fi\/wp-content\/uploads\/2017\/12\/IMG_0466.jpg?w=720&amp;ssl=1 720w\" sizes=\"(max-width: 300px) 100vw, 300px\" data-recalc-dims=\"1\" \/> <img data-attachment-id=\"226\" data-permalink=\"https:\/\/jakunaho.sekuvain.fi\/?attachment_id=226\" data-orig-file=\"https:\/\/i1.wp.com\/jakunaho.sekuvain.fi\/wp-content\/uploads\/2017\/12\/IMG_0467.jpg?fit=960%2C720&amp;ssl=1\" data-orig-size=\"960,720\" data-comments-opened=\"1\" data-image-meta=\"{&quot;aperture&quot;:&quot;0&quot;,&quot;credit&quot;:&quot;&quot;,&quot;camera&quot;:&quot;&quot;,&quot;caption&quot;:&quot;&quot;,&quot;created_timestamp&quot;:&quot;0&quot;,&quot;copyright&quot;:&quot;&quot;,&quot;focal_length&quot;:&quot;0&quot;,&quot;iso&quot;:&quot;0&quot;,&quot;shutter_speed&quot;:&quot;0&quot;,&quot;title&quot;:&quot;&quot;,&quot;orientation&quot;:&quot;1&quot;}\" data-image-title=\"IMG_0467\" data-image-description=\"\" data-medium-file=\"https:\/\/i1.wp.com\/jakunaho.sekuvain.fi\/wp-content\/uploads\/2017\/12\/IMG_0467.jpg?fit=300%2C225&amp;ssl=1\" data-large-file=\"https:\/\/i1.wp.com\/jakunaho.sekuvain.fi\/wp-content\/uploads\/2017\/12\/IMG_0467.jpg?fit=756%2C567&amp;ssl=1\" decoding=\"async\" loading=\"lazy\" class=\"alignnone size-medium wp-image-226\" src=\"https:\/\/i2.wp.com\/jakunaho.fi\/wp-content\/uploads\/2017\/12\/IMG_0467-300x225.jpg?resize=300%2C225\" alt=\"\" width=\"300\" height=\"225\" srcset=\"https:\/\/i1.wp.com\/jakunaho.sekuvain.fi\/wp-content\/uploads\/2017\/12\/IMG_0467.jpg?resize=300%2C225&amp;ssl=1 300w, https:\/\/i1.wp.com\/jakunaho.sekuvain.fi\/wp-content\/uploads\/2017\/12\/IMG_0467.jpg?resize=768%2C576&amp;ssl=1 768w, https:\/\/i1.wp.com\/jakunaho.sekuvain.fi\/wp-content\/uploads\/2017\/12\/IMG_0467.jpg?w=960&amp;ssl=1 960w\" sizes=\"(max-width: 300px) 100vw, 300px\" data-recalc-dims=\"1\" \/> <img data-attachment-id=\"227\" data-permalink=\"https:\/\/jakunaho.sekuvain.fi\/?attachment_id=227\" data-orig-file=\"https:\/\/i2.wp.com\/jakunaho.sekuvain.fi\/wp-content\/uploads\/2017\/12\/IMG_0468.jpg?fit=1080%2C810&amp;ssl=1\" data-orig-size=\"1080,810\" data-comments-opened=\"1\" data-image-meta=\"{&quot;aperture&quot;:&quot;0&quot;,&quot;credit&quot;:&quot;&quot;,&quot;camera&quot;:&quot;&quot;,&quot;caption&quot;:&quot;&quot;,&quot;created_timestamp&quot;:&quot;0&quot;,&quot;copyright&quot;:&quot;&quot;,&quot;focal_length&quot;:&quot;0&quot;,&quot;iso&quot;:&quot;0&quot;,&quot;shutter_speed&quot;:&quot;0&quot;,&quot;title&quot;:&quot;&quot;,&quot;orientation&quot;:&quot;1&quot;}\" data-image-title=\"IMG_0468\" data-image-description=\"\" data-medium-file=\"https:\/\/i2.wp.com\/jakunaho.sekuvain.fi\/wp-content\/uploads\/2017\/12\/IMG_0468.jpg?fit=300%2C225&amp;ssl=1\" data-large-file=\"https:\/\/i2.wp.com\/jakunaho.sekuvain.fi\/wp-content\/uploads\/2017\/12\/IMG_0468.jpg?fit=756%2C567&amp;ssl=1\" decoding=\"async\" loading=\"lazy\" class=\"alignnone size-medium wp-image-227\" src=\"https:\/\/i2.wp.com\/jakunaho.fi\/wp-content\/uploads\/2017\/12\/IMG_0468-300x225.jpg?resize=300%2C225\" alt=\"\" width=\"300\" height=\"225\" srcset=\"https:\/\/i2.wp.com\/jakunaho.sekuvain.fi\/wp-content\/uploads\/2017\/12\/IMG_0468.jpg?resize=300%2C225&amp;ssl=1 300w, https:\/\/i2.wp.com\/jakunaho.sekuvain.fi\/wp-content\/uploads\/2017\/12\/IMG_0468.jpg?resize=768%2C576&amp;ssl=1 768w, https:\/\/i2.wp.com\/jakunaho.sekuvain.fi\/wp-content\/uploads\/2017\/12\/IMG_0468.jpg?resize=1024%2C768&amp;ssl=1 1024w, https:\/\/i2.wp.com\/jakunaho.sekuvain.fi\/wp-content\/uploads\/2017\/12\/IMG_0468.jpg?w=1080&amp;ssl=1 1080w\" sizes=\"(max-width: 300px) 100vw, 300px\" data-recalc-dims=\"1\" \/><\/span><\/p>\n<p><span style=\"color: #000000;\">Teen tuotteita my\u00f6s tilauksesta!<\/span><\/p>\n","protected":false},"excerpt":{"rendered":"<p>Aiemmin vain auton ikkunasta havainnoimani pellolla t\u00f6r\u00f6tt\u00e4v\u00e4 valkoinen (yleens\u00e4) muovipallero on tullut tutuksi maatalouden perustutkintoa opiskelleelle. Opiskeluni oli p\u00e4\u00e4osin ty\u00f6ss\u00e4oppimista ja el\u00e4intenhoitajan (tuotantopuolen) opissa on tullut revityksi auki paali jos toinenkin. Ranteet on huutaneet hoosiannaa, joka tietysti n\u00e4in joulun alla ei ole vika vaan pikantti &hellip; <a href=\"https:\/\/jakunaho.sekuvain.fi\/?page_id=164\" class=\"more-link\"><span>Continue reading<span class=\"screen-reader-text\">PAALIMUOVI<\/span><\/span><\/a><\/p>\n","protected":false},"author":1,"featured_media":0,"parent":152,"menu_order":0,"comment_status":"closed","ping_status":"closed","template":"","meta":[],"_links":{"self":[{"href":"https:\/\/jakunaho.sekuvain.fi\/index.php?rest_route=\/wp\/v2\/pages\/164"}],"collection":[{"href":"https:\/\/jakunaho.sekuvain.fi\/index.php?rest_route=\/wp\/v2\/pages"}],"about":[{"href":"https:\/\/jakunaho.sekuvain.fi\/index.php?rest_route=\/wp\/v2\/types\/page"}],"author":[{"embeddable":true,"href":"https:\/\/jakunaho.sekuvain.fi\/index.php?rest_route=\/wp\/v2\/users\/1"}],"replies":[{"embeddable":true,"href":"https:\/\/jakunaho.sekuvain.fi\/index.php?rest_route=%2Fwp%2Fv2%2Fcomments&post=164"}],"version-history":[{"count":4,"href":"https:\/\/jakunaho.sekuvain.fi\/index.php?rest_route=\/wp\/v2\/pages\/164\/revisions"}],"predecessor-version":[{"id":234,"href":"https:\/\/jakunaho.sekuvain.fi\/index.php?rest_route=\/wp\/v2\/pages\/164\/revisions\/234"}],"up":[{"embeddable":true,"href":"https:\/\/jakunaho.sekuvain.fi\/index.php?rest_route=\/wp\/v2\/pages\/152"}],"wp:attachment":[{"href":"https:\/\/jakunaho.sekuvain.fi\/index.php?rest_route=%2Fwp%2Fv2%2Fmedia&parent=164"}],"curies":[{"name":"wp","href":"https:\/\/api.w.org\/{rel}","templated":true}]}}